{"id":25,"date":"2025-03-05T14:22:59","date_gmt":"2025-03-05T14:22:59","guid":{"rendered":"https:\/\/saconoy.com\/?page_id=25"},"modified":"2025-03-20T10:38:19","modified_gmt":"2025-03-20T08:38:19","slug":"kuvagalleria","status":"publish","type":"page","link":"https:\/\/saconoy.com\/index.php\/kuvagalleria\/","title":{"rendered":"Kuvagalleria"},"content":{"rendered":"\n<figure class=\"wp-block-gallery has-nested-images columns-default is-cropped wp-block-gallery-1 is-layout-flex wp-block-gallery-is-layout-flex\">\n<figure class=\"wp-block-image size-large\"><img decoding=\"async\" data-id=\"228\" src=\"https:\/\/rkm-salminen.fi\/wp-content\/uploads\/2024\/06\/IMG20231022153843-768x1024.jpg\" alt=\"\" class=\"wp-image-228\"\/><figcaption class=\"wp-element-caption\">R\u00f6nnsk\u00e4rb\u00e5dan alempi p\u00e4iv\u00e4nvalossa<\/figcaption><\/figure>\n\n\n\n<figure class=\"wp-block-image size-large\"><img decoding=\"async\" data-id=\"229\" src=\"https:\/\/rkm-salminen.fi\/wp-content\/uploads\/2024\/06\/IMG20231024193335-768x1024.jpg\" alt=\"\" class=\"wp-image-229\"\/><figcaption class=\"wp-element-caption\">R\u00f6nnsk\u00e4rb\u00e5dan nelijalkainen puupukkitaulu<\/figcaption><\/figure>\n\n\n\n<figure class=\"wp-block-image size-large\"><img decoding=\"async\" data-id=\"230\" src=\"https:\/\/rkm-salminen.fi\/wp-content\/uploads\/2024\/06\/IMG20231024194817-768x1024.jpg\" alt=\"\" class=\"wp-image-230\"\/><figcaption class=\"wp-element-caption\">Valmiina ja valot liitetty<\/figcaption><\/figure>\n\n\n\n<figure class=\"wp-block-image size-large\"><img decoding=\"async\" data-id=\"231\" src=\"https:\/\/rkm-salminen.fi\/wp-content\/uploads\/2024\/06\/IMG20231024202837-768x1024.jpg\" alt=\"\" class=\"wp-image-231\"\/><figcaption class=\"wp-element-caption\">R\u00f6nnsk\u00e4rilta navigointia y\u00f6ll\u00e4<\/figcaption><\/figure>\n<\/figure>\n\n\n\n<figure class=\"wp-block-gallery has-nested-images columns-default is-cropped wp-block-gallery-2 is-layout-flex wp-block-gallery-is-layout-flex\">\n<figure class=\"wp-block-image size-large\"><img decoding=\"async\" data-id=\"174\" src=\"https:\/\/rkm-salminen.fi\/wp-content\/uploads\/2024\/04\/WhatsApp-Image-2024-02-10-at-15.23.07-1.jpeg\" alt=\"\" class=\"wp-image-174\"\/><figcaption class=\"wp-element-caption\">Puuosien vaihtoa<\/figcaption><\/figure>\n\n\n\n<figure class=\"wp-block-image size-large\"><img decoding=\"async\" data-id=\"173\" src=\"https:\/\/rkm-salminen.fi\/wp-content\/uploads\/2024\/04\/393350714_122128904714029205_5065023741291010930_n-768x1024.jpg\" alt=\"\" class=\"wp-image-173\"\/><figcaption class=\"wp-element-caption\">R\u00f6nnsk\u00e4rb\u00e5dan ylempi levytettyn\u00e4<\/figcaption><\/figure>\n\n\n\n<figure class=\"wp-block-image size-large\"><img decoding=\"async\" data-id=\"226\" src=\"https:\/\/rkm-salminen.fi\/wp-content\/uploads\/2024\/06\/WhatsApp-Image-2024-02-10-at-15.23.07.jpeg\" alt=\"\" class=\"wp-image-226\"\/><figcaption class=\"wp-element-caption\">Puuosien vaihtoa<\/figcaption><\/figure>\n<\/figure>\n\n\n\n<p class=\"has-text-align-center\"><strong>R\u00f6nnsk\u00e4rb\u00e5dan ylempi ja alempi linjataulu<\/strong><\/p>\n\n\n\n<div style=\"height:60px\" aria-hidden=\"true\" class=\"wp-block-spacer\"><\/div>\n\n\n<div class=\"wp-block-image\">\n<figure class=\"aligncenter size-large\"><img decoding=\"async\" src=\"https:\/\/rkm-salminen.fi\/wp-content\/uploads\/2024\/04\/393492155_122129238194029205_7328596197029294546_n-768x1024.jpg\" alt=\"\" class=\"wp-image-176\"\/><\/figure>\n<\/div>\n\n\n<p class=\"has-text-align-center\"><strong>Borgm\u00e4stargrund ylempi<\/strong><\/p>\n\n\n\n<div style=\"height:60px\" aria-hidden=\"true\" class=\"wp-block-spacer\"><\/div>\n\n\n\n<figure class=\"wp-block-gallery has-nested-images columns-default is-cropped wp-block-gallery-3 is-layout-flex wp-block-gallery-is-layout-flex\">\n<figure class=\"wp-block-image size-large\"><img decoding=\"async\" data-id=\"221\" src=\"https:\/\/rkm-salminen.fi\/wp-content\/uploads\/2024\/06\/c93e04f0-7021-4fae-ae0c-1af5bd404866-768x1024.jpg\" alt=\"\" class=\"wp-image-221\"\/><figcaption class=\"wp-element-caption\">Hiuvet ylempi, levytettyn\u00e4<\/figcaption><\/figure>\n\n\n\n<figure class=\"wp-block-image size-large\"><img decoding=\"async\" data-id=\"220\" src=\"https:\/\/rkm-salminen.fi\/wp-content\/uploads\/2024\/06\/2f2201d8-1d6e-4d8f-a33f-2acb926cec14-768x1024.jpg\" alt=\"\" class=\"wp-image-220\"\/><figcaption class=\"wp-element-caption\">Levytettyn\u00e4 <\/figcaption><\/figure>\n<\/figure>\n\n\n\n<div class=\"wp-block-group is-content-justification-center is-nowrap is-layout-flex wp-container-core-group-is-layout-94bc23d7 wp-block-group-is-layout-flex\">\n<figure class=\"wp-block-image size-large is-resized\"><img decoding=\"async\" src=\"https:\/\/rkm-salminen.fi\/wp-content\/uploads\/2024\/06\/4153568d-184d-4af1-9770-a671108e2d15-768x1024.jpg\" alt=\"\" class=\"wp-image-219\" style=\"width:836px;height:auto\"\/><\/figure>\n\n\n\n<figure class=\"wp-block-gallery has-nested-images columns-default is-cropped wp-block-gallery-4 is-layout-flex wp-block-gallery-is-layout-flex\"><\/figure>\n<\/div>\n\n\n\n<figure class=\"wp-block-gallery has-nested-images columns-default is-cropped wp-block-gallery-5 is-layout-flex wp-block-gallery-is-layout-flex\">\n<figure class=\"wp-block-image size-large\"><img decoding=\"async\" data-id=\"264\" src=\"https:\/\/rkm-salminen.fi\/wp-content\/uploads\/2024\/09\/8f9e52cd-258e-4f91-b39f-895e013b8bde-768x1024.jpg\" alt=\"\" class=\"wp-image-264\"\/><\/figure>\n\n\n\n<figure class=\"wp-block-image size-large\"><img decoding=\"async\" data-id=\"263\" src=\"https:\/\/rkm-salminen.fi\/wp-content\/uploads\/2024\/09\/016af450-ac8d-418f-9066-39317350698f-768x1024.jpg\" alt=\"\" class=\"wp-image-263\"\/><\/figure>\n<\/figure>\n\n\n\n<figure class=\"wp-block-gallery has-nested-images columns-default is-cropped wp-block-gallery-6 is-layout-flex wp-block-gallery-is-layout-flex\">\n<figure class=\"wp-block-image size-large\"><img decoding=\"async\" data-id=\"215\" src=\"https:\/\/rkm-salminen.fi\/wp-content\/uploads\/2024\/06\/016af450-ac8d-418f-9066-39317350698f-768x1024.jpg\" alt=\"\" class=\"wp-image-215\"\/><figcaption class=\"wp-element-caption\">Hiuvet alempi, puuosien vaihtoa<\/figcaption><\/figure>\n\n\n\n<figure class=\"wp-block-image size-large\"><img decoding=\"async\" data-id=\"261\" src=\"https:\/\/rkm-salminen.fi\/wp-content\/uploads\/2024\/09\/eec65b87-9918-4066-9384-0ab31e7322ab-768x1024.jpg\" alt=\"\" class=\"wp-image-261\"\/><\/figure>\n<\/figure>\n\n\n\n<p class=\"has-text-align-center\"><strong>Hiuvet ylempi ja alempi linjataulu<\/strong><\/p>\n\n\n\n<div style=\"height:60px\" aria-hidden=\"true\" class=\"wp-block-spacer\"><\/div>\n\n\n\n<figure class=\"wp-block-gallery has-nested-images columns-default is-cropped wp-block-gallery-7 is-layout-flex wp-block-gallery-is-layout-flex\">\n<figure class=\"wp-block-image size-large\"><img decoding=\"async\" data-id=\"246\" src=\"https:\/\/rkm-salminen.fi\/wp-content\/uploads\/2024\/09\/WhatsApp-Image-2024-06-12-at-17.55.55-576x1024.jpeg\" alt=\"\" class=\"wp-image-246\"\/><\/figure>\n\n\n\n<figure class=\"wp-block-image size-large\"><img decoding=\"async\" data-id=\"245\" src=\"https:\/\/rkm-salminen.fi\/wp-content\/uploads\/2024\/09\/WhatsApp-Image-2024-06-24-at-18.39.40-478x1024.jpeg\" alt=\"\" class=\"wp-image-245\"\/><\/figure>\n\n\n\n<figure class=\"wp-block-image size-large\"><img decoding=\"async\" data-id=\"244\" src=\"https:\/\/rkm-salminen.fi\/wp-content\/uploads\/2024\/09\/WhatsApp-Image-2024-07-29-at-18.30.18-576x1024.jpeg\" alt=\"\" class=\"wp-image-244\"\/><\/figure>\n<\/figure>\n\n\n\n<p class=\"has-text-align-center\"><strong>L\u00e4nsileton Linjamerkki<\/strong><\/p>\n\n\n\n<div style=\"height:60px\" aria-hidden=\"true\" class=\"wp-block-spacer\"><\/div>\n\n\n\n<figure class=\"wp-block-gallery has-nested-images columns-default is-cropped wp-block-gallery-8 is-layout-flex wp-block-gallery-is-layout-flex\">\n<figure class=\"wp-block-image size-large\"><img decoding=\"async\" data-id=\"248\" src=\"https:\/\/rkm-salminen.fi\/wp-content\/uploads\/2024\/09\/IMG20240730073433-1024x768.jpg\" alt=\"\" class=\"wp-image-248\"\/><figcaption class=\"wp-element-caption\">H\u00e4rk\u00e4leton v\u00e4litaso uusi valu<\/figcaption><\/figure>\n\n\n\n<figure class=\"wp-block-image size-large\"><img decoding=\"async\" data-id=\"267\" src=\"https:\/\/rkm-salminen.fi\/wp-content\/uploads\/2024\/09\/IMG20240822154349-768x1024.jpg\" alt=\"\" class=\"wp-image-267\"\/><figcaption class=\"wp-element-caption\">H\u00e4rk\u00e4leton telineet<\/figcaption><\/figure>\n\n\n\n<figure class=\"wp-block-image size-large\"><img decoding=\"async\" data-id=\"249\" src=\"https:\/\/rkm-salminen.fi\/wp-content\/uploads\/2024\/09\/IMG20240823150619-768x1024.jpg\" alt=\"\" class=\"wp-image-249\"\/><figcaption class=\"wp-element-caption\">H\u00e4rk\u00e4leton telineet purettuna<\/figcaption><\/figure>\n\n\n\n<figure class=\"wp-block-image size-large\"><img decoding=\"async\" data-id=\"251\" src=\"https:\/\/rkm-salminen.fi\/wp-content\/uploads\/2024\/09\/IMG20240831163540-768x1024.jpg\" alt=\"\" class=\"wp-image-251\"\/><figcaption class=\"wp-element-caption\">H\u00e4rk\u00e4lehto manttelointi<\/figcaption><\/figure>\n<\/figure>\n\n\n\n<p class=\"has-text-align-center\"><strong>H\u00e4rk\u00e4leton majakka<\/strong><\/p>\n\n\n\n<div style=\"height:60px\" aria-hidden=\"true\" class=\"wp-block-spacer\"><\/div>\n\n\n\n<figure class=\"wp-block-gallery has-nested-images columns-default is-cropped wp-block-gallery-9 is-layout-flex wp-block-gallery-is-layout-flex\">\n<figure class=\"wp-block-image size-large\"><img decoding=\"async\" data-id=\"254\" src=\"https:\/\/rkm-salminen.fi\/wp-content\/uploads\/2024\/09\/IMG20240922163242-768x1024.jpg\" alt=\"\" class=\"wp-image-254\"\/><figcaption class=\"wp-element-caption\">Insin\u00f6\u00f6ri Pettersson<\/figcaption><\/figure>\n\n\n\n<figure class=\"wp-block-image size-large\"><img decoding=\"async\" data-id=\"266\" src=\"https:\/\/rkm-salminen.fi\/wp-content\/uploads\/2024\/09\/IMG20240922163258-2-768x1024.jpg\" alt=\"\" class=\"wp-image-266\"\/><figcaption class=\"wp-element-caption\">Insin\u00f6\u00f6ri Pettersson<\/figcaption><\/figure>\n\n\n\n<figure class=\"wp-block-image size-large\"><img decoding=\"async\" data-id=\"256\" src=\"https:\/\/rkm-salminen.fi\/wp-content\/uploads\/2024\/09\/IMG20240922174923-1-768x1024.jpg\" alt=\"\" class=\"wp-image-256\"\/><figcaption class=\"wp-element-caption\">Insin\u00f6\u00f6ri Pettersson<\/figcaption><\/figure>\n<\/figure>\n\n\n\n<p class=\"has-text-align-center\"><strong>Insin\u00f6\u00f6ri Petterson<\/strong><\/p>\n\n\n\n<div style=\"height:60px\" aria-hidden=\"true\" class=\"wp-block-spacer\"><\/div>\n\n\n\n<figure class=\"wp-block-gallery has-nested-images columns-default is-cropped wp-block-gallery-10 is-layout-flex wp-block-gallery-is-layout-flex\">\n<figure class=\"wp-block-image size-large\"><img decoding=\"async\" data-id=\"259\" src=\"https:\/\/rkm-salminen.fi\/wp-content\/uploads\/2024\/09\/IMG20240921181426-768x1024.jpg\" alt=\"\" class=\"wp-image-259\"\/><figcaption class=\"wp-element-caption\">L\u00e4ngdenin majakka<\/figcaption><\/figure>\n\n\n\n<figure class=\"wp-block-image size-large\"><img decoding=\"async\" data-id=\"260\" src=\"https:\/\/rkm-salminen.fi\/wp-content\/uploads\/2024\/09\/IMG20240921121210-768x1024.jpg\" alt=\"\" class=\"wp-image-260\"\/><figcaption class=\"wp-element-caption\">L\u00e4ngdenin kulkuaukot<\/figcaption><\/figure>\n\n\n\n<figure class=\"wp-block-image size-large\"><img decoding=\"async\" data-id=\"257\" src=\"https:\/\/rkm-salminen.fi\/wp-content\/uploads\/2024\/09\/IMG20240921174310-768x1024.jpg\" alt=\"\" class=\"wp-image-257\"\/><figcaption class=\"wp-element-caption\">L\u00e4ngdenin valokoju<\/figcaption><\/figure>\n\n\n\n<figure class=\"wp-block-image size-large\"><img decoding=\"async\" data-id=\"265\" src=\"https:\/\/rkm-salminen.fi\/wp-content\/uploads\/2024\/09\/IMG20240921182458-1-768x1024.jpg\" alt=\"\" class=\"wp-image-265\"\/><figcaption class=\"wp-element-caption\">L\u00e4ngden<\/figcaption><\/figure>\n<\/figure>\n","protected":false},"excerpt":{"rendered":"<p>R\u00f6nnsk\u00e4rb\u00e5dan ylempi ja alempi linjataulu Borgm\u00e4stargrund ylempi Hiuvet ylempi ja alempi linjataulu L\u00e4nsileton Linjamerkki H\u00e4rk\u00e4leton majakka Insin\u00f6\u00f6ri Petterson<\/p>\n","protected":false},"author":1,"featured_media":0,"parent":0,"menu_order":0,"comment_status":"closed","ping_status":"closed","template":"","meta":{"footnotes":""},"class_list":["post-25","page","type-page","status-publish","hentry"],"yoast_head":"<!-- This site is optimized with the Yoast SEO plugin v24.6 - https:\/\/yoast.com\/wordpress\/plugins\/seo\/ -->\n<title>Kuvagalleria - Sacon Oy<\/title>\n<meta name=\"description\" content=\"Referenssikohteistamme valokuvia\" \/>\n<meta name=\"robots\" content=\"index, follow, max-snippet:-1, max-image-preview:large, max-video-preview:-1\" \/>\n<link rel=\"canonical\" href=\"https:\/\/saconoy.com\/index.php\/kuvagalleria\/\" \/>\n<meta property=\"og:locale\" content=\"fi_FI\" \/>\n<meta property=\"og:type\" content=\"article\" \/>\n<meta property=\"og:title\" content=\"Kuvagalleria - Sacon Oy\" \/>\n<meta property=\"og:description\" content=\"Referenssikohteistamme valokuvia\" \/>\n<meta property=\"og:url\" content=\"https:\/\/saconoy.com\/index.php\/kuvagalleria\/\" \/>\n<meta property=\"og:site_name\" content=\"Sacon Oy\" \/>\n<meta property=\"article:modified_time\" content=\"2025-03-20T08:38:19+00:00\" \/>\n<meta name=\"twitter:card\" content=\"summary_large_image\" \/>\n<meta name=\"twitter:label1\" content=\"Arvioitu lukuaika\" \/>\n\t<meta name=\"twitter:data1\" content=\"7 minuuttia\" \/>\n<script type=\"application\/ld+json\" class=\"yoast-schema-graph\">{\"@context\":\"https:\/\/schema.org\",\"@graph\":[{\"@type\":\"WebPage\",\"@id\":\"https:\/\/saconoy.com\/index.php\/kuvagalleria\/\",\"url\":\"https:\/\/saconoy.com\/index.php\/kuvagalleria\/\",\"name\":\"Kuvagalleria - Sacon Oy\",\"isPartOf\":{\"@id\":\"https:\/\/saconoy.com\/#website\"},\"primaryImageOfPage\":{\"@id\":\"https:\/\/saconoy.com\/index.php\/kuvagalleria\/#primaryimage\"},\"image\":{\"@id\":\"https:\/\/saconoy.com\/index.php\/kuvagalleria\/#primaryimage\"},\"thumbnailUrl\":\"https:\/\/rkm-salminen.fi\/wp-content\/uploads\/2024\/06\/IMG20231022153843-768x1024.jpg\",\"datePublished\":\"2025-03-05T14:22:59+00:00\",\"dateModified\":\"2025-03-20T08:38:19+00:00\",\"description\":\"Referenssikohteistamme valokuvia\",\"breadcrumb\":{\"@id\":\"https:\/\/saconoy.com\/index.php\/kuvagalleria\/#breadcrumb\"},\"inLanguage\":\"fi\",\"potentialAction\":[{\"@type\":\"ReadAction\",\"target\":[\"https:\/\/saconoy.com\/index.php\/kuvagalleria\/\"]}]},{\"@type\":\"ImageObject\",\"inLanguage\":\"fi\",\"@id\":\"https:\/\/saconoy.com\/index.php\/kuvagalleria\/#primaryimage\",\"url\":\"https:\/\/rkm-salminen.fi\/wp-content\/uploads\/2024\/06\/IMG20231022153843-768x1024.jpg\",\"contentUrl\":\"https:\/\/rkm-salminen.fi\/wp-content\/uploads\/2024\/06\/IMG20231022153843-768x1024.jpg\"},{\"@type\":\"BreadcrumbList\",\"@id\":\"https:\/\/saconoy.com\/index.php\/kuvagalleria\/#breadcrumb\",\"itemListElement\":[{\"@type\":\"ListItem\",\"position\":1,\"name\":\"Etusivu\",\"item\":\"https:\/\/saconoy.com\/\"},{\"@type\":\"ListItem\",\"position\":2,\"name\":\"Kuvagalleria\"}]},{\"@type\":\"WebSite\",\"@id\":\"https:\/\/saconoy.com\/#website\",\"url\":\"https:\/\/saconoy.com\/\",\"name\":\"Sacon Oy\",\"description\":\"\",\"publisher\":{\"@id\":\"https:\/\/saconoy.com\/#organization\"},\"potentialAction\":[{\"@type\":\"SearchAction\",\"target\":{\"@type\":\"EntryPoint\",\"urlTemplate\":\"https:\/\/saconoy.com\/?s={search_term_string}\"},\"query-input\":{\"@type\":\"PropertyValueSpecification\",\"valueRequired\":true,\"valueName\":\"search_term_string\"}}],\"inLanguage\":\"fi\"},{\"@type\":\"Organization\",\"@id\":\"https:\/\/saconoy.com\/#organization\",\"name\":\"Sacon Oy\",\"url\":\"https:\/\/saconoy.com\/\",\"logo\":{\"@type\":\"ImageObject\",\"inLanguage\":\"fi\",\"@id\":\"https:\/\/saconoy.com\/#\/schema\/logo\/image\/\",\"url\":\"https:\/\/saconoy.com\/wp-content\/uploads\/2025\/03\/cropped-logo-web-transparent.png\",\"contentUrl\":\"https:\/\/saconoy.com\/wp-content\/uploads\/2025\/03\/cropped-logo-web-transparent.png\",\"width\":448,\"height\":154,\"caption\":\"Sacon Oy\"},\"image\":{\"@id\":\"https:\/\/saconoy.com\/#\/schema\/logo\/image\/\"},\"sameAs\":[\"https:\/\/www.instagram.com\/mesunmatkassa\/\"]}]}<\/script>\n<!-- \/ Yoast SEO plugin. -->","yoast_head_json":{"title":"Kuvagalleria - Sacon Oy","description":"Referenssikohteistamme valokuvia","robots":{"index":"index","follow":"follow","max-snippet":"max-snippet:-1","max-image-preview":"max-image-preview:large","max-video-preview":"max-video-preview:-1"},"canonical":"https:\/\/saconoy.com\/index.php\/kuvagalleria\/","og_locale":"fi_FI","og_type":"article","og_title":"Kuvagalleria - Sacon Oy","og_description":"Referenssikohteistamme valokuvia","og_url":"https:\/\/saconoy.com\/index.php\/kuvagalleria\/","og_site_name":"Sacon Oy","article_modified_time":"2025-03-20T08:38:19+00:00","twitter_card":"summary_large_image","twitter_misc":{"Arvioitu lukuaika":"7 minuuttia"},"schema":{"@context":"https:\/\/schema.org","@graph":[{"@type":"WebPage","@id":"https:\/\/saconoy.com\/index.php\/kuvagalleria\/","url":"https:\/\/saconoy.com\/index.php\/kuvagalleria\/","name":"Kuvagalleria - Sacon Oy","isPartOf":{"@id":"https:\/\/saconoy.com\/#website"},"primaryImageOfPage":{"@id":"https:\/\/saconoy.com\/index.php\/kuvagalleria\/#primaryimage"},"image":{"@id":"https:\/\/saconoy.com\/index.php\/kuvagalleria\/#primaryimage"},"thumbnailUrl":"https:\/\/rkm-salminen.fi\/wp-content\/uploads\/2024\/06\/IMG20231022153843-768x1024.jpg","datePublished":"2025-03-05T14:22:59+00:00","dateModified":"2025-03-20T08:38:19+00:00","description":"Referenssikohteistamme valokuvia","breadcrumb":{"@id":"https:\/\/saconoy.com\/index.php\/kuvagalleria\/#breadcrumb"},"inLanguage":"fi","potentialAction":[{"@type":"ReadAction","target":["https:\/\/saconoy.com\/index.php\/kuvagalleria\/"]}]},{"@type":"ImageObject","inLanguage":"fi","@id":"https:\/\/saconoy.com\/index.php\/kuvagalleria\/#primaryimage","url":"https:\/\/rkm-salminen.fi\/wp-content\/uploads\/2024\/06\/IMG20231022153843-768x1024.jpg","contentUrl":"https:\/\/rkm-salminen.fi\/wp-content\/uploads\/2024\/06\/IMG20231022153843-768x1024.jpg"},{"@type":"BreadcrumbList","@id":"https:\/\/saconoy.com\/index.php\/kuvagalleria\/#breadcrumb","itemListElement":[{"@type":"ListItem","position":1,"name":"Etusivu","item":"https:\/\/saconoy.com\/"},{"@type":"ListItem","position":2,"name":"Kuvagalleria"}]},{"@type":"WebSite","@id":"https:\/\/saconoy.com\/#website","url":"https:\/\/saconoy.com\/","name":"Sacon Oy","description":"","publisher":{"@id":"https:\/\/saconoy.com\/#organization"},"potentialAction":[{"@type":"SearchAction","target":{"@type":"EntryPoint","urlTemplate":"https:\/\/saconoy.com\/?s={search_term_string}"},"query-input":{"@type":"PropertyValueSpecification","valueRequired":true,"valueName":"search_term_string"}}],"inLanguage":"fi"},{"@type":"Organization","@id":"https:\/\/saconoy.com\/#organization","name":"Sacon Oy","url":"https:\/\/saconoy.com\/","logo":{"@type":"ImageObject","inLanguage":"fi","@id":"https:\/\/saconoy.com\/#\/schema\/logo\/image\/","url":"https:\/\/saconoy.com\/wp-content\/uploads\/2025\/03\/cropped-logo-web-transparent.png","contentUrl":"https:\/\/saconoy.com\/wp-content\/uploads\/2025\/03\/cropped-logo-web-transparent.png","width":448,"height":154,"caption":"Sacon Oy"},"image":{"@id":"https:\/\/saconoy.com\/#\/schema\/logo\/image\/"},"sameAs":["https:\/\/www.instagram.com\/mesunmatkassa\/"]}]}},"_links":{"self":[{"href":"https:\/\/saconoy.com\/index.php\/wp-json\/wp\/v2\/pages\/25","targetHints":{"allow":["GET"]}}],"collection":[{"href":"https:\/\/saconoy.com\/index.php\/wp-json\/wp\/v2\/pages"}],"about":[{"href":"https:\/\/saconoy.com\/index.php\/wp-json\/wp\/v2\/types\/page"}],"author":[{"embeddable":true,"href":"https:\/\/saconoy.com\/index.php\/wp-json\/wp\/v2\/users\/1"}],"replies":[{"embeddable":true,"href":"https:\/\/saconoy.com\/index.php\/wp-json\/wp\/v2\/comments?post=25"}],"version-history":[{"count":1,"href":"https:\/\/saconoy.com\/index.php\/wp-json\/wp\/v2\/pages\/25\/revisions"}],"predecessor-version":[{"id":26,"href":"https:\/\/saconoy.com\/index.php\/wp-json\/wp\/v2\/pages\/25\/revisions\/26"}],"wp:attachment":[{"href":"https:\/\/saconoy.com\/index.php\/wp-json\/wp\/v2\/media?parent=25"}],"curies":[{"name":"wp","href":"https:\/\/api.w.org\/{rel}","templated":true}]}}