{"id":34,"date":"2025-03-05T14:38:00","date_gmt":"2025-03-05T14:38:00","guid":{"rendered":"https:\/\/saconoy.com\/?page_id=34"},"modified":"2025-03-20T10:36:06","modified_gmt":"2025-03-20T08:36:06","slug":"injektointi","status":"publish","type":"page","link":"https:\/\/saconoy.com\/index.php\/injektointi\/","title":{"rendered":"Injektointi"},"content":{"rendered":"\n<p>Betonirakenteiden korjaaminen injektoimalla on kustannustehokas tapa, jolloin haljenneesta rakenteesta saadaan injektoimalla j\u00e4lleen yhten\u00e4inen. <\/p>\n\n\n\n<p><strong>Epoksi injektointi<\/strong> <\/p>\n\n\n\n<p>Injektoinnissa halkeamaan pumpataan paineella epoksia tietyin ty\u00f6tavoin varmistaen halkeaman t\u00e4yttyminen. Epoksin kovetuttua halkeamiin tulee injektoidusta kohdasta kovempi kuin betoni on itsess\u00e4\u00e4n. N\u00e4in rakenteesta saadaan yht\u00e4 kova kuin rakenne oli suunniteltaessa ja v\u00e4ltyt\u00e4\u00e4n jatkovaurioista.<\/p>\n\n\n\n<p>Halkeama kohta p\u00e4\u00e4s\u00e4\u00e4nt\u00f6isesti altistuu ilman ja veden vaikutukselle, joka aiheuttaa betonin karbonatisoitumista ja rappautumista, joka heikent\u00e4\u00e4 ymp\u00e4r\u00f6iv\u00e4n betonin lujuutta. Maan l\u00e4heisiss\u00e4 betonirakenteissa halkeamista saattaa nousta kosteutta rakenteisiin ja haitallisia radon kaasuja.<\/p>\n\n\n\n<p><strong>Uretaani injektointi<\/strong><\/p>\n\n\n\n<p>Uretaania k\u00e4ytet\u00e4\u00e4n vesivuotoja injektoidessa. Esimerkiksi rakenteet joiden toisella puolella on positiivinen vedenpaine ja vesi vuotaa rakenteen l\u00e4pi. T\u00e4ll\u00e4iset rakenteet voidaan injektoida vuotamattomaksi tyhjent\u00e4m\u00e4tt\u00e4 tai suojaamatta vastakkaista puolta vedenpaineelta.<\/p>\n\n\n\n<p><\/p>\n\n\n\n<p><\/p>\n\n\n\n<p><\/p>\n","protected":false},"excerpt":{"rendered":"<p>Betonirakenteiden korjaaminen injektoimalla on kustannustehokas tapa, jolloin haljenneesta rakenteesta saadaan injektoimalla j\u00e4lleen yhten\u00e4inen. Epoksi injektointi Injektoinnissa halkeamaan pumpataan paineella epoksia tietyin ty\u00f6tavoin varmistaen halkeaman t\u00e4yttyminen. Epoksin kovetuttua halkeamiin tulee injektoidusta kohdasta kovempi kuin betoni on itsess\u00e4\u00e4n. N\u00e4in rakenteesta saadaan yht\u00e4 kova kuin rakenne oli suunniteltaessa ja v\u00e4ltyt\u00e4\u00e4n jatkovaurioista. Halkeama kohta p\u00e4\u00e4s\u00e4\u00e4nt\u00f6isesti altistuu ilman ja veden vaikutukselle, joka aiheuttaa betonin karbonatisoitumista [&hellip;]<\/p>\n","protected":false},"author":1,"featured_media":0,"parent":0,"menu_order":0,"comment_status":"closed","ping_status":"closed","template":"","meta":{"footnotes":""},"class_list":["post-34","page","type-page","status-publish","hentry"],"yoast_head":"<!-- This site is optimized with the Yoast SEO plugin v24.6 - https:\/\/yoast.com\/wordpress\/plugins\/seo\/ -->\n<title>Injektointi - Sacon Oy<\/title>\n<meta name=\"description\" content=\"Betonihalkeamien injektointia epoksilla ja uretaanilla. Meill\u00e4 on injektoinneista kilometrien kokemus!\" \/>\n<meta name=\"robots\" content=\"index, follow, max-snippet:-1, max-image-preview:large, max-video-preview:-1\" \/>\n<link rel=\"canonical\" href=\"https:\/\/saconoy.com\/index.php\/injektointi\/\" \/>\n<meta property=\"og:locale\" content=\"fi_FI\" \/>\n<meta property=\"og:type\" content=\"article\" \/>\n<meta property=\"og:title\" content=\"Injektointi - Sacon Oy\" \/>\n<meta property=\"og:description\" content=\"Betonihalkeamien injektointia epoksilla ja uretaanilla. Meill\u00e4 on injektoinneista kilometrien kokemus!\" \/>\n<meta property=\"og:url\" content=\"https:\/\/saconoy.com\/index.php\/injektointi\/\" \/>\n<meta property=\"og:site_name\" content=\"Sacon Oy\" \/>\n<meta property=\"article:modified_time\" content=\"2025-03-20T08:36:06+00:00\" \/>\n<meta name=\"twitter:card\" content=\"summary_large_image\" \/>\n<meta name=\"twitter:label1\" content=\"Arvioitu lukuaika\" \/>\n\t<meta name=\"twitter:data1\" content=\"1 minuutti\" \/>\n<script type=\"application\/ld+json\" class=\"yoast-schema-graph\">{\"@context\":\"https:\/\/schema.org\",\"@graph\":[{\"@type\":\"WebPage\",\"@id\":\"https:\/\/saconoy.com\/index.php\/injektointi\/\",\"url\":\"https:\/\/saconoy.com\/index.php\/injektointi\/\",\"name\":\"Injektointi - Sacon Oy\",\"isPartOf\":{\"@id\":\"https:\/\/saconoy.com\/#website\"},\"datePublished\":\"2025-03-05T14:38:00+00:00\",\"dateModified\":\"2025-03-20T08:36:06+00:00\",\"description\":\"Betonihalkeamien injektointia epoksilla ja uretaanilla. Meill\u00e4 on injektoinneista kilometrien kokemus!\",\"breadcrumb\":{\"@id\":\"https:\/\/saconoy.com\/index.php\/injektointi\/#breadcrumb\"},\"inLanguage\":\"fi\",\"potentialAction\":[{\"@type\":\"ReadAction\",\"target\":[\"https:\/\/saconoy.com\/index.php\/injektointi\/\"]}]},{\"@type\":\"BreadcrumbList\",\"@id\":\"https:\/\/saconoy.com\/index.php\/injektointi\/#breadcrumb\",\"itemListElement\":[{\"@type\":\"ListItem\",\"position\":1,\"name\":\"Etusivu\",\"item\":\"https:\/\/saconoy.com\/\"},{\"@type\":\"ListItem\",\"position\":2,\"name\":\"Injektointi\"}]},{\"@type\":\"WebSite\",\"@id\":\"https:\/\/saconoy.com\/#website\",\"url\":\"https:\/\/saconoy.com\/\",\"name\":\"Sacon Oy\",\"description\":\"\",\"publisher\":{\"@id\":\"https:\/\/saconoy.com\/#organization\"},\"potentialAction\":[{\"@type\":\"SearchAction\",\"target\":{\"@type\":\"EntryPoint\",\"urlTemplate\":\"https:\/\/saconoy.com\/?s={search_term_string}\"},\"query-input\":{\"@type\":\"PropertyValueSpecification\",\"valueRequired\":true,\"valueName\":\"search_term_string\"}}],\"inLanguage\":\"fi\"},{\"@type\":\"Organization\",\"@id\":\"https:\/\/saconoy.com\/#organization\",\"name\":\"Sacon Oy\",\"url\":\"https:\/\/saconoy.com\/\",\"logo\":{\"@type\":\"ImageObject\",\"inLanguage\":\"fi\",\"@id\":\"https:\/\/saconoy.com\/#\/schema\/logo\/image\/\",\"url\":\"https:\/\/saconoy.com\/wp-content\/uploads\/2025\/03\/cropped-logo-web-transparent.png\",\"contentUrl\":\"https:\/\/saconoy.com\/wp-content\/uploads\/2025\/03\/cropped-logo-web-transparent.png\",\"width\":448,\"height\":154,\"caption\":\"Sacon Oy\"},\"image\":{\"@id\":\"https:\/\/saconoy.com\/#\/schema\/logo\/image\/\"},\"sameAs\":[\"https:\/\/www.instagram.com\/mesunmatkassa\/\"]}]}<\/script>\n<!-- \/ Yoast SEO plugin. -->","yoast_head_json":{"title":"Injektointi - Sacon Oy","description":"Betonihalkeamien injektointia epoksilla ja uretaanilla. Meill\u00e4 on injektoinneista kilometrien kokemus!","robots":{"index":"index","follow":"follow","max-snippet":"max-snippet:-1","max-image-preview":"max-image-preview:large","max-video-preview":"max-video-preview:-1"},"canonical":"https:\/\/saconoy.com\/index.php\/injektointi\/","og_locale":"fi_FI","og_type":"article","og_title":"Injektointi - Sacon Oy","og_description":"Betonihalkeamien injektointia epoksilla ja uretaanilla. Meill\u00e4 on injektoinneista kilometrien kokemus!","og_url":"https:\/\/saconoy.com\/index.php\/injektointi\/","og_site_name":"Sacon Oy","article_modified_time":"2025-03-20T08:36:06+00:00","twitter_card":"summary_large_image","twitter_misc":{"Arvioitu lukuaika":"1 minuutti"},"schema":{"@context":"https:\/\/schema.org","@graph":[{"@type":"WebPage","@id":"https:\/\/saconoy.com\/index.php\/injektointi\/","url":"https:\/\/saconoy.com\/index.php\/injektointi\/","name":"Injektointi - Sacon Oy","isPartOf":{"@id":"https:\/\/saconoy.com\/#website"},"datePublished":"2025-03-05T14:38:00+00:00","dateModified":"2025-03-20T08:36:06+00:00","description":"Betonihalkeamien injektointia epoksilla ja uretaanilla. Meill\u00e4 on injektoinneista kilometrien kokemus!","breadcrumb":{"@id":"https:\/\/saconoy.com\/index.php\/injektointi\/#breadcrumb"},"inLanguage":"fi","potentialAction":[{"@type":"ReadAction","target":["https:\/\/saconoy.com\/index.php\/injektointi\/"]}]},{"@type":"BreadcrumbList","@id":"https:\/\/saconoy.com\/index.php\/injektointi\/#breadcrumb","itemListElement":[{"@type":"ListItem","position":1,"name":"Etusivu","item":"https:\/\/saconoy.com\/"},{"@type":"ListItem","position":2,"name":"Injektointi"}]},{"@type":"WebSite","@id":"https:\/\/saconoy.com\/#website","url":"https:\/\/saconoy.com\/","name":"Sacon Oy","description":"","publisher":{"@id":"https:\/\/saconoy.com\/#organization"},"potentialAction":[{"@type":"SearchAction","target":{"@type":"EntryPoint","urlTemplate":"https:\/\/saconoy.com\/?s={search_term_string}"},"query-input":{"@type":"PropertyValueSpecification","valueRequired":true,"valueName":"search_term_string"}}],"inLanguage":"fi"},{"@type":"Organization","@id":"https:\/\/saconoy.com\/#organization","name":"Sacon Oy","url":"https:\/\/saconoy.com\/","logo":{"@type":"ImageObject","inLanguage":"fi","@id":"https:\/\/saconoy.com\/#\/schema\/logo\/image\/","url":"https:\/\/saconoy.com\/wp-content\/uploads\/2025\/03\/cropped-logo-web-transparent.png","contentUrl":"https:\/\/saconoy.com\/wp-content\/uploads\/2025\/03\/cropped-logo-web-transparent.png","width":448,"height":154,"caption":"Sacon Oy"},"image":{"@id":"https:\/\/saconoy.com\/#\/schema\/logo\/image\/"},"sameAs":["https:\/\/www.instagram.com\/mesunmatkassa\/"]}]}},"_links":{"self":[{"href":"https:\/\/saconoy.com\/index.php\/wp-json\/wp\/v2\/pages\/34","targetHints":{"allow":["GET"]}}],"collection":[{"href":"https:\/\/saconoy.com\/index.php\/wp-json\/wp\/v2\/pages"}],"about":[{"href":"https:\/\/saconoy.com\/index.php\/wp-json\/wp\/v2\/types\/page"}],"author":[{"embeddable":true,"href":"https:\/\/saconoy.com\/index.php\/wp-json\/wp\/v2\/users\/1"}],"replies":[{"embeddable":true,"href":"https:\/\/saconoy.com\/index.php\/wp-json\/wp\/v2\/comments?post=34"}],"version-history":[{"count":1,"href":"https:\/\/saconoy.com\/index.php\/wp-json\/wp\/v2\/pages\/34\/revisions"}],"predecessor-version":[{"id":35,"href":"https:\/\/saconoy.com\/index.php\/wp-json\/wp\/v2\/pages\/34\/revisions\/35"}],"wp:attachment":[{"href":"https:\/\/saconoy.com\/index.php\/wp-json\/wp\/v2\/media?parent=34"}],"curies":[{"name":"wp","href":"https:\/\/api.w.org\/{rel}","templated":true}]}}