{"id":6,"date":"2025-02-27T13:19:15","date_gmt":"2025-02-27T13:19:15","guid":{"rendered":"https:\/\/saconoy.com\/?page_id=6"},"modified":"2025-03-20T10:39:43","modified_gmt":"2025-03-20T08:39:43","slug":"sacon-oy","status":"publish","type":"page","link":"https:\/\/saconoy.com\/","title":{"rendered":"Sacon Oy etusivu"},"content":{"rendered":"\n<h4 class=\"wp-block-heading has-black-color has-text-color\">Korjausrakentamisen kivikova ammattilainen k\u00e4ytett\u00e4viss\u00e4nne, vuosien kokemuksella betonirakentamisesta ja korjausrakentamisesta!<\/h4>\n\n\n\n<p>Toimipaikkamme sijaitsee Sein\u00e4joella ja toimialueemme on Suomi<\/p>\n\n\n\n<p>Tarjoamme alla olevia palveluita ja muutakin. Ota yhteytt\u00e4<\/p>\n\n\n\n<ul class=\"wp-block-list\">\n<li>Projektinjohto<\/li>\n\n\n\n<li>Injektointi<\/li>\n\n\n\n<li>Betonin vetokokeet<\/li>\n\n\n\n<li>Rappausty\u00f6t<\/li>\n\n\n\n<li>Pinnoitus ja maalaus<\/li>\n\n\n\n<li>Muotitus, raudoitus ja valuty\u00f6t<\/li>\n\n\n\n<li>Ter\u00e4sty\u00f6t<\/li>\n\n\n\n<li>K\u00f6ysiteknikon ty\u00f6t<\/li>\n<\/ul>\n\n\n\n<p><\/p>\n\n\n\n<p><strong>Laatu-, kustannustehokkuus ja turvallisuus<\/strong><\/p>\n\n\n\n<p>T\u00e4rkeimpi\u00e4 arvojamme ovat kustannustehokkuus, laatu ja turvallisuus. P\u00e4\u00e4m\u00e4\u00e4r\u00e4mme on l\u00f6yt\u00e4\u00e4 optimaaliset ratkaisut asiakkaiden tarpeisiin samalla haluamme varmistaa ty\u00f6mme laadun, turvallisuuden ja kustannustehokkuuden. Tavoitteemme ovat tarjota asiakkailleni korkealaatuisia palveluita, jotka t\u00e4ytt\u00e4v\u00e4t heid\u00e4n odotuksensa.<\/p>\n\n\n\n<p>Ty\u00f6vaiheet suunnitellaan tarkasti ennen ty\u00f6n aloitusta, tarvittaessa k\u00e4yd\u00e4\u00e4n ty\u00f6vaihekohtaiset huomioitavat asiat muiden urakoitsijoiden kesken, jolloin saadaan jouhevasti sujuva ty\u00f6maa joka tuo s\u00e4\u00e4st\u00f6\u00e4 ty\u00f6n tilaajalle.<\/p>\n\n\n\n<figure class=\"wp-block-image size-large\"><img fetchpriority=\"high\" decoding=\"async\" width=\"1024\" height=\"1024\" src=\"https:\/\/saconoy.com\/wp-content\/uploads\/2025\/03\/kristiina-1024x1024.jpg\" alt=\"\" class=\"wp-image-75\" srcset=\"https:\/\/saconoy.com\/wp-content\/uploads\/2025\/03\/kristiina-1024x1024.jpg 1024w, https:\/\/saconoy.com\/wp-content\/uploads\/2025\/03\/kristiina-300x300.jpg 300w, https:\/\/saconoy.com\/wp-content\/uploads\/2025\/03\/kristiina-150x150.jpg 150w, https:\/\/saconoy.com\/wp-content\/uploads\/2025\/03\/kristiina-768x768.jpg 768w, https:\/\/saconoy.com\/wp-content\/uploads\/2025\/03\/kristiina-1536x1536.jpg 1536w, https:\/\/saconoy.com\/wp-content\/uploads\/2025\/03\/kristiina-2048x2048.jpg 2048w\" sizes=\"(max-width: 1024px) 100vw, 1024px\" \/><\/figure>\n\n\n\n<div class=\"wp-block-columns is-layout-flex wp-container-core-columns-is-layout-9d6595d7 wp-block-columns-is-layout-flex\">\n<div class=\"wp-block-column is-layout-flow wp-block-column-is-layout-flow\"><\/div>\n\n\n\n<div class=\"wp-block-column is-layout-flow wp-block-column-is-layout-flow\"><\/div>\n<\/div>\n","protected":false},"excerpt":{"rendered":"<p>Korjausrakentamisen kivikova ammattilainen k\u00e4ytett\u00e4viss\u00e4nne, vuosien kokemuksella betonirakentamisesta ja korjausrakentamisesta! Toimipaikkamme sijaitsee Sein\u00e4joella ja toimialueemme on Suomi Tarjoamme alla olevia palveluita ja muutakin. Ota yhteytt\u00e4 Laatu-, kustannustehokkuus ja turvallisuus T\u00e4rkeimpi\u00e4 arvojamme ovat kustannustehokkuus, laatu ja turvallisuus. P\u00e4\u00e4m\u00e4\u00e4r\u00e4mme on l\u00f6yt\u00e4\u00e4 optimaaliset ratkaisut asiakkaiden tarpeisiin samalla haluamme varmistaa ty\u00f6mme laadun, turvallisuuden ja kustannustehokkuuden. Tavoitteemme ovat tarjota asiakkailleni korkealaatuisia palveluita, jotka t\u00e4ytt\u00e4v\u00e4t heid\u00e4n odotuksensa. [&hellip;]<\/p>\n","protected":false},"author":1,"featured_media":0,"parent":0,"menu_order":0,"comment_status":"closed","ping_status":"closed","template":"","meta":{"footnotes":""},"class_list":["post-6","page","type-page","status-publish","hentry"],"yoast_head":"<!-- This site is optimized with the Yoast SEO plugin v24.6 - https:\/\/yoast.com\/wordpress\/plugins\/seo\/ -->\n<title>Sacon Oy etusivu - Sacon Oy<\/title>\n<meta name=\"description\" content=\"Betonikorjausrakentamisen ammattilaiset. Projektinjohto, injektointi ja monet muut. Etel\u00e4-Pohjalaisella taidolla\" \/>\n<meta name=\"robots\" content=\"index, follow, max-snippet:-1, max-image-preview:large, max-video-preview:-1\" \/>\n<link rel=\"canonical\" href=\"https:\/\/saconoy.com\/\" \/>\n<meta property=\"og:locale\" content=\"fi_FI\" \/>\n<meta property=\"og:type\" content=\"article\" \/>\n<meta property=\"og:title\" content=\"Sacon Oy etusivu - Sacon Oy\" \/>\n<meta property=\"og:description\" content=\"Betonikorjausrakentamisen ammattilaiset. Projektinjohto, injektointi ja monet muut. Etel\u00e4-Pohjalaisella taidolla\" \/>\n<meta property=\"og:url\" content=\"https:\/\/saconoy.com\/\" \/>\n<meta property=\"og:site_name\" content=\"Sacon Oy\" \/>\n<meta property=\"article:modified_time\" content=\"2025-03-20T08:39:43+00:00\" \/>\n<meta property=\"og:image\" content=\"https:\/\/saconoy.com\/wp-content\/uploads\/2025\/03\/kristiina-scaled.jpg\" \/>\n\t<meta property=\"og:image:width\" content=\"2560\" \/>\n\t<meta property=\"og:image:height\" content=\"2560\" \/>\n\t<meta property=\"og:image:type\" content=\"image\/jpeg\" \/>\n<meta name=\"twitter:card\" content=\"summary_large_image\" \/>\n<meta name=\"twitter:label1\" content=\"Arvioitu lukuaika\" \/>\n\t<meta name=\"twitter:data1\" content=\"1 minuutti\" \/>\n<script type=\"application\/ld+json\" class=\"yoast-schema-graph\">{\"@context\":\"https:\/\/schema.org\",\"@graph\":[{\"@type\":\"WebPage\",\"@id\":\"https:\/\/saconoy.com\/\",\"url\":\"https:\/\/saconoy.com\/\",\"name\":\"Sacon Oy etusivu - Sacon Oy\",\"isPartOf\":{\"@id\":\"https:\/\/saconoy.com\/#website\"},\"primaryImageOfPage\":{\"@id\":\"https:\/\/saconoy.com\/#primaryimage\"},\"image\":{\"@id\":\"https:\/\/saconoy.com\/#primaryimage\"},\"thumbnailUrl\":\"https:\/\/saconoy.com\/wp-content\/uploads\/2025\/03\/kristiina-1024x1024.jpg\",\"datePublished\":\"2025-02-27T13:19:15+00:00\",\"dateModified\":\"2025-03-20T08:39:43+00:00\",\"description\":\"Betonikorjausrakentamisen ammattilaiset. Projektinjohto, injektointi ja monet muut. Etel\u00e4-Pohjalaisella taidolla\",\"breadcrumb\":{\"@id\":\"https:\/\/saconoy.com\/#breadcrumb\"},\"inLanguage\":\"fi\",\"potentialAction\":[{\"@type\":\"ReadAction\",\"target\":[\"https:\/\/saconoy.com\/\"]}]},{\"@type\":\"ImageObject\",\"inLanguage\":\"fi\",\"@id\":\"https:\/\/saconoy.com\/#primaryimage\",\"url\":\"https:\/\/saconoy.com\/wp-content\/uploads\/2025\/03\/kristiina-scaled.jpg\",\"contentUrl\":\"https:\/\/saconoy.com\/wp-content\/uploads\/2025\/03\/kristiina-scaled.jpg\",\"width\":2560,\"height\":2560},{\"@type\":\"BreadcrumbList\",\"@id\":\"https:\/\/saconoy.com\/#breadcrumb\",\"itemListElement\":[{\"@type\":\"ListItem\",\"position\":1,\"name\":\"Etusivu\",\"item\":\"https:\/\/saconoy.com\/\"},{\"@type\":\"ListItem\",\"position\":2,\"name\":\"Sacon Oy etusivu\"}]},{\"@type\":\"WebSite\",\"@id\":\"https:\/\/saconoy.com\/#website\",\"url\":\"https:\/\/saconoy.com\/\",\"name\":\"Sacon Oy\",\"description\":\"\",\"publisher\":{\"@id\":\"https:\/\/saconoy.com\/#organization\"},\"potentialAction\":[{\"@type\":\"SearchAction\",\"target\":{\"@type\":\"EntryPoint\",\"urlTemplate\":\"https:\/\/saconoy.com\/?s={search_term_string}\"},\"query-input\":{\"@type\":\"PropertyValueSpecification\",\"valueRequired\":true,\"valueName\":\"search_term_string\"}}],\"inLanguage\":\"fi\"},{\"@type\":\"Organization\",\"@id\":\"https:\/\/saconoy.com\/#organization\",\"name\":\"Sacon Oy\",\"url\":\"https:\/\/saconoy.com\/\",\"logo\":{\"@type\":\"ImageObject\",\"inLanguage\":\"fi\",\"@id\":\"https:\/\/saconoy.com\/#\/schema\/logo\/image\/\",\"url\":\"https:\/\/saconoy.com\/wp-content\/uploads\/2025\/03\/cropped-logo-web-transparent.png\",\"contentUrl\":\"https:\/\/saconoy.com\/wp-content\/uploads\/2025\/03\/cropped-logo-web-transparent.png\",\"width\":448,\"height\":154,\"caption\":\"Sacon Oy\"},\"image\":{\"@id\":\"https:\/\/saconoy.com\/#\/schema\/logo\/image\/\"},\"sameAs\":[\"https:\/\/www.instagram.com\/mesunmatkassa\/\"]}]}<\/script>\n<!-- \/ Yoast SEO plugin. -->","yoast_head_json":{"title":"Sacon Oy etusivu - Sacon Oy","description":"Betonikorjausrakentamisen ammattilaiset. Projektinjohto, injektointi ja monet muut. Etel\u00e4-Pohjalaisella taidolla","robots":{"index":"index","follow":"follow","max-snippet":"max-snippet:-1","max-image-preview":"max-image-preview:large","max-video-preview":"max-video-preview:-1"},"canonical":"https:\/\/saconoy.com\/","og_locale":"fi_FI","og_type":"article","og_title":"Sacon Oy etusivu - Sacon Oy","og_description":"Betonikorjausrakentamisen ammattilaiset. Projektinjohto, injektointi ja monet muut. Etel\u00e4-Pohjalaisella taidolla","og_url":"https:\/\/saconoy.com\/","og_site_name":"Sacon Oy","article_modified_time":"2025-03-20T08:39:43+00:00","og_image":[{"width":2560,"height":2560,"url":"https:\/\/saconoy.com\/wp-content\/uploads\/2025\/03\/kristiina-scaled.jpg","type":"image\/jpeg"}],"twitter_card":"summary_large_image","twitter_misc":{"Arvioitu lukuaika":"1 minuutti"},"schema":{"@context":"https:\/\/schema.org","@graph":[{"@type":"WebPage","@id":"https:\/\/saconoy.com\/","url":"https:\/\/saconoy.com\/","name":"Sacon Oy etusivu - Sacon Oy","isPartOf":{"@id":"https:\/\/saconoy.com\/#website"},"primaryImageOfPage":{"@id":"https:\/\/saconoy.com\/#primaryimage"},"image":{"@id":"https:\/\/saconoy.com\/#primaryimage"},"thumbnailUrl":"https:\/\/saconoy.com\/wp-content\/uploads\/2025\/03\/kristiina-1024x1024.jpg","datePublished":"2025-02-27T13:19:15+00:00","dateModified":"2025-03-20T08:39:43+00:00","description":"Betonikorjausrakentamisen ammattilaiset. Projektinjohto, injektointi ja monet muut. Etel\u00e4-Pohjalaisella taidolla","breadcrumb":{"@id":"https:\/\/saconoy.com\/#breadcrumb"},"inLanguage":"fi","potentialAction":[{"@type":"ReadAction","target":["https:\/\/saconoy.com\/"]}]},{"@type":"ImageObject","inLanguage":"fi","@id":"https:\/\/saconoy.com\/#primaryimage","url":"https:\/\/saconoy.com\/wp-content\/uploads\/2025\/03\/kristiina-scaled.jpg","contentUrl":"https:\/\/saconoy.com\/wp-content\/uploads\/2025\/03\/kristiina-scaled.jpg","width":2560,"height":2560},{"@type":"BreadcrumbList","@id":"https:\/\/saconoy.com\/#breadcrumb","itemListElement":[{"@type":"ListItem","position":1,"name":"Etusivu","item":"https:\/\/saconoy.com\/"},{"@type":"ListItem","position":2,"name":"Sacon Oy etusivu"}]},{"@type":"WebSite","@id":"https:\/\/saconoy.com\/#website","url":"https:\/\/saconoy.com\/","name":"Sacon Oy","description":"","publisher":{"@id":"https:\/\/saconoy.com\/#organization"},"potentialAction":[{"@type":"SearchAction","target":{"@type":"EntryPoint","urlTemplate":"https:\/\/saconoy.com\/?s={search_term_string}"},"query-input":{"@type":"PropertyValueSpecification","valueRequired":true,"valueName":"search_term_string"}}],"inLanguage":"fi"},{"@type":"Organization","@id":"https:\/\/saconoy.com\/#organization","name":"Sacon Oy","url":"https:\/\/saconoy.com\/","logo":{"@type":"ImageObject","inLanguage":"fi","@id":"https:\/\/saconoy.com\/#\/schema\/logo\/image\/","url":"https:\/\/saconoy.com\/wp-content\/uploads\/2025\/03\/cropped-logo-web-transparent.png","contentUrl":"https:\/\/saconoy.com\/wp-content\/uploads\/2025\/03\/cropped-logo-web-transparent.png","width":448,"height":154,"caption":"Sacon Oy"},"image":{"@id":"https:\/\/saconoy.com\/#\/schema\/logo\/image\/"},"sameAs":["https:\/\/www.instagram.com\/mesunmatkassa\/"]}]}},"_links":{"self":[{"href":"https:\/\/saconoy.com\/index.php\/wp-json\/wp\/v2\/pages\/6","targetHints":{"allow":["GET"]}}],"collection":[{"href":"https:\/\/saconoy.com\/index.php\/wp-json\/wp\/v2\/pages"}],"about":[{"href":"https:\/\/saconoy.com\/index.php\/wp-json\/wp\/v2\/types\/page"}],"author":[{"embeddable":true,"href":"https:\/\/saconoy.com\/index.php\/wp-json\/wp\/v2\/users\/1"}],"replies":[{"embeddable":true,"href":"https:\/\/saconoy.com\/index.php\/wp-json\/wp\/v2\/comments?post=6"}],"version-history":[{"count":6,"href":"https:\/\/saconoy.com\/index.php\/wp-json\/wp\/v2\/pages\/6\/revisions"}],"predecessor-version":[{"id":87,"href":"https:\/\/saconoy.com\/index.php\/wp-json\/wp\/v2\/pages\/6\/revisions\/87"}],"wp:attachment":[{"href":"https:\/\/saconoy.com\/index.php\/wp-json\/wp\/v2\/media?parent=6"}],"curies":[{"name":"wp","href":"https:\/\/api.w.org\/{rel}","templated":true}]}}